 u be i(-4). Calculate the highest common factor of u and r.
12
Suppose -56 = 26*l - 30*l. Let z = -34 - -104. What is the greatest common divisor of l and z?
14
Suppose 2*b - 523 = -k - 2*k, -2 = -2*k. Calculate the greatest common factor of 26 and b.
26
Let m(d) = -d + 3. Let f be m(-5). Suppose 155 = -5*h + 595. What is the greatest common divisor of h and f?
8
Suppose -4*j = -s - 45, 0 = -5*j + 3*s - 9 + 67. Calculate the highest common divisor of j and 11.
11
Suppose 3 = -2*w - 5*h - 0*h, 2*h + 6 = 4*w. Calculate the greatest common divisor of 1 and w.
1
Let b be 3 + 1 - 1 - (19 - 20). Calculate the highest common divisor of 1 and b.
1
Suppose 4*o = 5*q - 40, -4*o = -0*q + 3*q - 56. Suppose -j - 22 = -w - w, 4*w + j = 50. What is the highest common factor of w and q?
12
Let x = -73 + 103. Suppose -38 = -4*n - 2*k - 6, -n + k = -14. Calculate the greatest common factor of n and x.
10
Let u(h) = h**2 + 3*h - 3. Let g = 5 - 8. Let j(y) = y**2 + 4*y - 1. Let o be j(g). Let t be u(o). Calculate the greatest common divisor of 1 and t.
1
Let r be 3 + -3 + 1*8. Let h(c) be the first derivative of c**2 - 7*c + 2. Let w be h(r). Calculate the greatest common divisor of 36 and w.
9
Let l be -3 + 3 - 5/(10/(-76)). Calculate the greatest common divisor of l and 2.
2
Suppose 6*h + 8 - 62 = 0. Calculate the greatest common divisor of h and 153.
9
Let h(b) = -b**2 + 9*b + 1. Let g be h(8). Let u(m) = -m**3 + 5*m**2 + 2*m + 3. Let f be u(3). What is the greatest common factor of f and g?
9
Suppose 3*w + 14 = 50. Let s(d) = -d**3 + 12*d**2 + 5*d + 17. Let l be s(w). What is the greatest common factor of 11 and l?
11
Let h be -2*(-1)/4*100. Suppose 0 = -2*n - 0*n + 12. Let g be n/(-10) + (-159)/(-15). What is the highest common divisor of g and h?
10
Suppose 3*n - g + 6 = 4*n, 3*n - 20 = -5*g. Suppose -p - 104 = -4*t, -4*t - 5*p + 130 - 50 = 0. What is the greatest common divisor of t and n?
5
Let r(l) = -3*l - 10. Let j be r(-4). What is the greatest common divisor of 6 and j?
2
Let c be (-2)/7 + (-749)/(-49). Suppose -3*o - 16 + 61 = 0. What is the greatest common divisor of o and c?
15
Let p = 6 - 3. Suppose -n = -3*w + 10 - p, -4*n - w + 37 = 0. Suppose 3*u + 285 = 4*k, -2*u = -k - 6*u + 76. What is the greatest common divisor of n and k?
8
Let m be (-1)/(((-7)/(-30))/(-7)). Let b(g) = 5*g - 5. Let n be b(4). Let v be (n/6)/((-5)/(-10)). Calculate the highest common factor of v and m.
5
Let d = -27 + 22. Let j be 4/20 + (-164)/d. Let s = 5 + -2. What is the greatest common factor of j and s?
3
Suppose 0 = -i - t - 7, -18 = -i + 5*i - t. Let n = i - -9. What is the highest common factor of 1 and n?
1
Suppose 18 = 4*u + 4*v - 22, v + 10 = 3*u. Suppose 0 = -0*n - u*n + 25. Calculate the highest common factor of n and 15.
5
Suppose -k - 5*c = 14, 0*k - 2*c = 3*k + 3. Let h be ((-12)/(-10))/(k/5). What is the greatest common factor of 42 and h?
6
Let r = -41 - -84. Let t = r + -26. Let k(b) = 47*b**2 + 2*b + 3. Let h be k(-2). Calculate the greatest common divisor of t and h.
17
Let a = 18 - 13. Let p(k) = 3*k + 2. Let x be p(1). What is the greatest common factor of x and a?
5
Let y be (-14)/4 + (-1)/(-2). Let z be y + 6 - 0/1. Suppose -z = 5*b - 63. What is the greatest common factor of 18 and b?
6
Let d = -24 - -27. Suppose -33 = -d*a + 159. Calculate the greatest common factor of a and 8.
8
Let o(r) = r**3 + 9*r**2 + 6*r - 8. Let c be o(-7). Suppose c = d - 4*v, 5*d - 2*v - 165 = -7*v. Calculate the greatest common factor of d and 12.
12
Let g(v) = 15*v - 3. Let r be -1 - 1/(1/(-3)). Suppose -f + 4*w = 4*f - 11, -f = -w - r. Let k be g(f). Calculate the highest common divisor of 28 and k.
14
Suppose l + y = 45, -4*l = -l + 2*y - 135. Calculate the greatest common divisor of 9 and l.
9
Suppose i + 3 = -0. Let z be -7*(1 + i + 1). Calculate the greatest common factor of z and 63.
7
Suppose 6*q - 11*q = -40. Let l be 2*1 - (-22)/1. What is the greatest common divisor of q and l?
8
Suppose 0 = 5*j + 4*g - 1000, 0*j - 2*j - 2*g = -402. Calculate the highest common divisor of j and 28.
28
Suppose 152 = 10*t - 2*t. What is the highest common factor of 57 and t?
19
Let u(k) be the first derivative of 0*k**3 - 1/2*k**2 + 15*k - 3 - 1/4*k**4. Let w be u(0). What is the greatest common divisor of 15 and w?
15
Let a(g) = 4*g + 42. Let f be a(-10). Suppose -2*d + r + 2 = -2, 0 = 3*r. Calculate the highest common factor of d and f.
2
Let a = -20 + 34. Suppose -4*x + t = 2*t - 144, 4*t - 191 = -5*x. Calculate the highest common divisor of a and x.
7
Let p(n) = 8*n**2 - n**2 - 2*n**3 + 11 + 2*n**2 + n**3. Let k be p(9). Calculate the greatest common divisor of 1 and k.
1
Let d(n) = n**2 + 6*n - 3. Let t be d(-7). Suppose -5*l + 80 = 2*g, t*g - 25 = -g. Calculate the greatest common divisor of 126 and l.
14
Let j = -84 + 159. Calculate the greatest common factor of 15 and j.
15
Suppose t = -2*i + 4, 5*i - 13 - 4 = -3*t. What is the highest common factor of 56 and t?
14
Let p = -83 + 121. Suppose 2*d - 74 = p. Calculate the greatest common factor of 8 and d.
8
Let l(g) = 9*g + 3. Let r be l(3). Let z(p) = -p**3 - 7*p**2 - 10*p - 9. Let f be z(-6). What is the highest common divisor of r and f?
15
Let l(u) = u**3 + 6*u**2 + 5*u + 7. Let c be l(-5). What is the highest common factor of c and 1?
1
Let w be 2*(10/5 + 6). Let c(l) = -2*l - 2. Let t(q) = -q**3 + 5*q**2 - q. Let k be t(5). Let p be c(k). What is the highest common factor of p and w?
8
Let j = 38 + -29. Calculate the greatest common factor of 63 and j.
9
Let s be -1 + 2 + 267/3. Calculate the greatest common factor of 10 and s.
10
Suppose 0 = -6*d - 2*d + 72. What is the highest common divisor of 45 and d?
9
Let b be (-2 - 6)*(-1)/(-1). Let q be (0/(-2))/(16/b). Suppose 4*f = -r + 5, q = -r - 3*f + 5 - 0. Calculate the greatest common divisor of 35 and r.
5
Suppose 4*w = 8*w, 4*d - 4*w = 20. Let l be 1/((-1)/(-10) + 0). What is the highest common divisor of d and l?
5
Let h be (3/(-2))/((-5)/10). What is the highest common divisor of 3 and h?
3
Let b = 185 + -59. What is the greatest common factor of b and 14?
14
Let g = 196 - 134. Suppose 72 = -6*t + 2*t. Let c = t + g. Calculate the highest common factor of c and 11.
11
Suppose 5*r + 2*k + 8 = 0, 5*k = -3 - 17. Let f = 9 - r. What is the greatest common divisor of 72 and f?
9
Suppose -4 = x - 15. Calculate the highest common divisor of x and 143.
11
Let h be 30*(-1 - (-1)/(-2)). Let f be (h/(-10))/(2/8). What is the greatest common factor of f and 126?
18
Let d = 14 - -9. Let z = 8 - 9. Let u be (-1 - z)/2 + d. What is the highest common factor of 207 and u?
23
Let z = 13 + -9. Suppose 5*y - 64 = -z. Calculate the highest common factor of y and 30.
6
Suppose -4*j - 6 + 30 = 0. Let v be 1/(-3) + (-92)/(-6). What is the greatest common divisor of v and j?
3
Let m(g) = -g**2 - 5*g + 5. Let y be m(-5). Let b = y - 2. Suppose 4*t = 9 + b. What is the highest common factor of t and 2?
1
Let t be 17 - 3/(6 + -3). Let m be 2/(-4) - 93/6. Let j = m + 128. What is the highest common factor of j and t?
16
Let m be (-8)/16 + (-98)/(-4). Suppose -4*p + 9*p - 80 = 0. Calculate the highest common divisor of p and m.
8
Let l be (-459)/(-2)*68/51. Suppose 0 = 5*d + 2*k - 168, -k + 30 = d + 3*k. What is the greatest common divisor of l and d?
34
Let f(x) = x**2. Let y be f(2). Suppose y*z + 2*q - 2 - 14 = 0, 0 = q - 2. What is the greatest common factor of 6 and z?
3
Let s be 680/70 - 4/(-14). What is the highest common divisor of s and 2?
2
Let a(q) be the third derivative of 7*q**6/8 - q**5/60 - q**4/24 + q**3/6 - 2*q**2. Let g be a(1). Calculate the highest common divisor of 13 and g.
13
Let s be (-4)/18 + 66/54. Let c be 1 - (3 - s) - -6. Calculate the highest common factor of c and 45.
5
Let n = 49 + -26. What is the greatest common divisor of n and 23?
23
Let q = -86 + 134. What is the highest common factor of q and 12?
12
Suppose 3*k + 39 = 3*f, 5*f + 0*k = -2*k + 100. Calculate the greatest common factor of 2 and f.
2
Suppose -9*a = -202 - 158. What is the greatest common divisor of a and 10?
10
Let o(i) = -26*i - 18. Let f be o(-1). Calculate the greatest common factor of f and 56.
8
Let b be (5 - (-52)/(-6))/(1/(-21)). What is the greatest common divisor of b and 